 of 345245 and 14935?
145
What is the greatest common factor of 6 and 1923231?
3
What is the greatest common factor of 27710 and 20060?
170
What is the greatest common factor of 26341 and 6476123?
3763
Calculate the greatest common factor of 336311 and 68.
17
What is the greatest common factor of 81 and 605407041?
81
Calculate the greatest common factor of 7 and 349277.
1
What is the greatest common divisor of 106 and 387972508?
106
Calculate the greatest common factor of 4474680 and 399000.
840
What is the greatest common divisor of 674610 and 66444?
678
What is the highest common divisor of 932112 and 2016?
144
Calculate the highest common factor of 4916150 and 90.
10
Calculate the greatest common factor of 19728280 and 41600.
520
What is the greatest common factor of 167226 and 383379?
141
Calculate the greatest common divisor of 573440 and 6195.
35
What is the highest common divisor of 8029 and 319865?
259
Calculate the highest common factor of 75937377 and 332532.
9237
What is the greatest common factor of 64869 and 2331?
21
Calculate the greatest common factor of 1318239 and 342.
171
What is the greatest common factor of 20530 and 22580?
10
Calculate the highest common divisor of 73216 and 2158.
26
Calculate the highest common divisor of 14940 and 193860.
180
Calculate the greatest common divisor of 49024 and 44992.
64
Calculate the highest common factor of 647422 and 38.
2
What is the greatest common divisor of 44556 and 585855?
141
Calculate the greatest common factor of 145386931 and 217.
31
What is the greatest common divisor of 66649 and 901131?
913
What is the highest common divisor of 1692 and 30502812?
564
What is the highest common factor of 300978777 and 26103?
3729
Calculate the highest common divisor of 339871 and 89677.
161
What is the highest common divisor of 4806685 and 146?
73
What is the highest common divisor of 4673327086 and 302?
302
What is the highest common factor of 394296897 and 7593?
7593
What is the highest common divisor of 4132682 and 128568?
974
What is the highest common factor of 113967621 and 108?
27
What is the greatest common divisor of 748389 and 21?
3
Calculate the greatest common divisor of 16665933 and 3.
3
What is the highest common factor of 52824096 and 624?
624
What is the highest common divisor of 99646068 and 60?
12
What is the greatest common divisor of 378 and 42989751?
189
Calculate the greatest common divisor of 3369148 and 3572.
188
What is the greatest common factor of 54 and 4506108?
6
Calculate the highest common divisor of 47093546 and 6366.
2122
What is the greatest common divisor of 244474045 and 190?
95
Calculate the greatest common factor of 13694584 and 362253.
7103
What is the highest common divisor of 227950 and 632440?
970
What is the greatest common factor of 1485 and 4344813?
297
Calculate the greatest common factor of 16 and 48412944.
16
What is the highest common factor of 8218525 and 1715?
245
Calculate the greatest common divisor of 6399 and 5004492.
237
Calculate the greatest common divisor of 644384 and 2080.
416
What is the greatest common divisor of 110306863 and 85?
17
Calculate the highest common divisor of 24064 and 2926408.
376
What is the highest common divisor of 222780937 and 34?
17
Calculate the highest common factor of 6399 and 10397427.
237
What is the greatest common factor of 2296 and 61008?
328
What is the highest common divisor of 182843272 and 8?
8
What is the highest common divisor of 8979025 and 120460?
1585
Calculate the greatest common factor of 109185255 and 45.
45
What is the greatest common factor of 1071501 and 274275?
3657
Calculate the greatest common factor of 222 and 451685048.
74
What is the greatest common divisor of 515 and 158530390?
515
What is the highest common factor of 387784 and 712?
8
What is the highest common divisor of 15845885 and 2475?
55
What is the highest common divisor of 13252122 and 754?
26
What is the highest common factor of 78496 and 227?
1
What is the highest common factor of 70 and 19079810?
10
What is the highest common factor of 2287885 and 817?
19
Calculate the highest common factor of 932470 and 210.
70
What is the highest common divisor of 6104484 and 52?
4
Calculate the highest common divisor of 51 and 871527.
3
What is the highest common factor of 3553 and 10946375?
209
Calculate the highest common divisor of 249860 and 208780.
260
Calculate the greatest common factor of 816 and 233271042.
102
Calculate the greatest common factor of 292271 and 15536.
971
Calculate the highest common divisor of 308 and 1113225036.
308
Calculate the greatest common divisor of 9075 and 412350.
75
Calculate the highest common factor of 22 and 504354.
2
What is the greatest common divisor of 5330 and 705610?
410
What is the greatest common divisor of 246 and 25692158?
82
What is the greatest common divisor of 528 and 271804?
4
What is the highest common divisor of 130298875 and 875?
875
What is the greatest common divisor of 6653190 and 180?
30
What is the greatest common factor of 112 and 39283048?
56
What is the greatest common divisor of 36 and 95458986?
18
What is the highest common divisor of 124486 and 24254?
134
Calculate the greatest common divisor of 5044641 and 6.
3
Calculate the greatest common divisor of 5092 and 73796.
76
Calculate the greatest common factor of 1210467 and 318.
159
What is the greatest common factor of 4959753771 and 373?
373
Calculate the greatest common divisor of 21 and 1930959.
3
What is the highest common divisor of 3215 and 2934652?
643
Calculate the greatest common divisor of 272989288 and 520.
104
What is the highest common factor of 8725080 and 91?
91
What is the greatest common divisor of 1935 and 6018710?
215
What is the highest common factor of 1271868 and 114762?
186
What is the greatest common factor of 46 and 287569?
23
Calculate the highest common divisor of 168632 and 428000.
856
Calculate the greatest common divisor of 1830 and 4349025.
15
Calculate the greatest common factor of 4296 and 1311528.
24
What is the highest common factor of 3166782 and 40338?
498
Calculate the highest common factor of 833 and 31372446.
833
Calculate the greatest common factor of 2567916 and 37479.
1209
What is the greatest common factor of 25622370 and 595080?
2610
What is the highest common factor of 31321547 and 144679?
971
Calculate the greatest common divisor of 36 and 42117276.
12
Calculate the greatest common divisor of 8773548 and 9632.
1204
Calculate the highest common divisor of 15466 and 334147.
407
What is the highest common divisor of 145626831 and 63?
63
What is the highest common factor of 34178 and 96590?
1486
Calculate the highest common divisor of 26249258 and 714.
238
Calculate the highest common factor of 32 and 49854592.
32
What is the highest common divisor of 822366 and 10195767?
2619
What is the greatest common divisor of 1247740416 and 9432?
9432
Calculate the greatest common divisor of 13580 and 17574460.
1940
Calculate the highest common factor of 284112 and 5634.
18
What is the highest common divisor of 12 and 34228812?
12
What is the greatest common divisor of 665 and 4727261?
7
What is the highest common factor of 331945312 and 1542?
514
Calculate the highest common divisor of 674636 and 1564.
92
Calculate the highest common factor of 1959949536 and 192.
96
Calculate the highest common divisor of 1184 and 768608.
32
Calculate the greatest common divisor of 290016 and 168699.
159
What is the greatest common factor of 740 and 14153980?
740
Calculate the highest common factor of 58097 and 1323478.
1417
Calculate the highest common factor of 56152224 and 108.
108
Calculate the highest common factor of 34906285 and 725.
145
Calculate the greatest common factor of 98 and 464435566.
14
What is the highest common factor of 1437180 and 13940?
340
What is the greatest common divisor of 818 and 59262873?
409
Calculate the greatest common divisor of 20688 and 4136.
8
Calculate the highest common divisor of 2322 and 67012146.
774
Calculate the greatest common divisor of 283876803 and 4137.
4137
What is the greatest common divisor of 520 and 484375?
5
Calculate the greatest common divisor of 12653538 and 318.
318
Calculate the greatest common factor of 286175 and 8575.
25
What is th